base 6, what is 50 + -3?
43
In base 6, what is -5 + 111450?
111441
In base 13, what is 89 + 1?
8a
In base 8, what is -36 - 5?
-43
In base 14, what is 230 - 29?
205
In base 6, what is 14 - -2332?
2350
In base 4, what is -11 + -102?
-113
In base 12, what is -4 + b12?
b0a
In base 16, what is 4 + 73?
77
In base 11, what is -2177 + -2?
-2179
In base 13, what is -9 - 391?
-39a
In base 4, what is 101002 - -2?
101010
In base 15, what is 1e7 - 5?
1e2
In base 15, what is 1 + 36?
37
In base 4, what is -3012 + 10?
-3002
In base 8, what is 2114 - 11?
2103
In base 11, what is -5 - 434?
-439
In base 6, what is 200 - 102?
54
In base 10, what is -516 + -4?
-520
In base 5, what is 14 - -4?
23
In base 4, what is -132 + -10113?
-10311
In base 7, what is -111 + 5?
-103
In base 4, what is -10 - 33122?
-33132
In base 9, what is -38 - -11?
-27
In base 16, what is 1 + 7?
8
In base 15, what is a0 - -1?
a1
In base 4, what is -20 - -30?
10
In base 13, what is c + -4?
8
In base 9, what is -3 + -184?
-187
In base 6, what is -2 + -1150?
-1152
In base 9, what is -1056 - -17?
-1038
In base 10, what is -1 + 1263?
1262
In base 9, what is -7 - 85?
-103
In base 7, what is 11 + -315?
-304
In base 16, what is -b06 - 1?
-b07
In base 15, what is 244 - 2?
242
In base 4, what is -113 - -20?
-33
In base 15, what is 6 + d?
14
In base 7, what is -12 - 114?
-126
In base 7, what is -3035 - 0?
-3035
In base 4, what is 10 - -1133?
1203
In base 6, what is 11 - 411?
-400
In base 11, what is 1 + 122?
123
In base 2, what is -10101 - 11010?
-101111
In base 6, what is -11 + 243?
232
In base 3, what is 1022000 + 1?
1022001
In base 6, what is -432 + -4?
-440
In base 4, what is -221331 + 3?
-221322
In base 5, what is -1 - -4?
3
In base 10, what is 34 - 301?
-267
In base 3, what is 112 - -110?
222
In base 16, what is 2d - -1?
2e
In base 8, what is -132 - 3?
-135
In base 12, what is 3 + 3a0?
3a3
In base 11, what is -11 + -3?
-14
In base 13, what is -1a3 - -3?
-1a0
In base 5, what is 10 - 1?
4
In base 15, what is d - 494?
-486
In base 16, what is -17 + 3?
-14
In base 2, what is -100 + -1010100111?
-1010101011
In base 7, what is -526 - -1?
-525
In base 8, what is -15134 + -4?
-15140
In base 7, what is -144 + 5?
-136
In base 12, what is -485 + 2?
-483
In base 8, what is 5 - 176?
-171
In base 15, what is -4 - -5?
1
In base 2, what is 100000010111110 + 101?
100000011000011
In base 10, what is 3 + -402?
-399
In base 6, what is 42 - 5?
33
In base 8, what is 2211 - 2?
2207
In base 5, what is 44 + 12?
111
In base 13, what is 38 + 16?
51
In base 13, what is -4 + -32?
-36
In base 5, what is 30413 - -2?
30420
In base 6, what is 5 + -13?
-4
In base 12, what is 6b - -2?
71
In base 16, what is 19 - d?
c
In base 16, what is 5037 - -2?
5039
In base 10, what is -5 + -155?
-160
In base 12, what is 1 + -893?
-892
In base 15, what is 387c - -1?
387d
In base 16, what is -f2 - 3?
-f5
In base 14, what is -609c - -4?
-6098
In base 4, what is 21131 - 11?
21120
In base 14, what is -3 + 2c8?
2c5
In base 14, what is 10 - 5?
9
In base 6, what is -1 - -53422?
53421
In base 15, what is -4 - 11d6?
-11da
In base 8, what is -2 - -5?
3
In base 16, what is f + -b?
4
In base 4, what is 10 + 1113?
1123
In base 15, what is -7 - c4?
-cb
In base 5, what is -41 - -11?
-30
In base 7, what is 4 + 152?
156
In base 12, what is 69 - 2?
67
In base 15, what is 4d + 0?
4d
In base 6, what is -555 + -5?
-1004
In base 14, what is -2d + -14?
-43
In base 16, what is 5 - 46?
-41
In base 11, what is 3217 + 0?
3217
In base 2, what is 11 - -1101100101?
1101101000
In base 10, what is 0 + 82?
82
In base 8, what is 32 + 35?
67
In base 8, what is -173 + 7?
-164
In base 2, what is 1011001011 + -1?
1011001010
In base 7, what is 123 - -1?
124
In base 7, what is 166 - -11?
210
In base 4, what is 1 + 1032?
1033
In base 11, what is 1 - -3a?
40
In base 16, what is 6a - 1?
69
In base 6, what is -5 + -152?
-201
In base 5, what is 3 + -44014?
-44011
In base 3, what is 1 - 1021?
-1020
In base 2, what is 1001111 - -10000?
1011111
In base 10, what is -5 + -549?
-554
In base 15, what is -ab8 - -5?
-ab3
In base 15, what is 6 - -c4?
ca
In base 15, what is e - -1b?
2a
In base 4, what is 1023032 + -1?
1023031
In base 4, what is 1103 - 21?
1022
In base 16, what is -1c3 - 3?
-1c6
In base 3, what is -111212211 + 11?
-111212200
In base 4, what is 3320 + 12?
3332
In base 5, what is -2 + 21222?
21220
In base 13, what is 82 - -31?
b3
In base 11, what is 5 + 81?
86
In base 14, what is 5 + -9b?
-96
In base 15, what is 29 + -19?
10
In base 5, what is 4412 - 4?
4403
In base 2, what is 100 - -101010111?
101011011
In base 8, what is -434 - 2?
-436
In base 9, what is 23 + 438?
462
In base 14, what is 19 - 2?
17
In base 14, what is 6 - -112?
118
In base 3, what is 212 + -100222?
-100010
In base 8, what is -304 - 5?
-311
In base 12, what is 48 + 5?
51
In base 11, what is 7 - 0?
7
In base 6, what is 2144 - 21?
2123
In base 8, what is -1 - -53?
52
In base 15, what is 1 + e?
10
In base 10, what is 30 - -37?
67
In base 12, what is 5 + 57?
60
In base 14, what is 2041 - 0?
2041
In base 11, what is -9 - -5?
-4
In base 15, what is -3 - -122?
11e
In base 11, what is 13 - -13?
26
In base 5, what is 14 + 3112?
3131
In base 2, what is -100101111010 + 10?
-100101111000
In base 7, what is -5 + -304?
-312
In base 7, what is -20124 + 5?
-20116
In base 14, what is -3 - 1d4?
-1d7
In base 14, what is ad + -d?
a0
In base 14, what is -869 + 2?
-867
In base 13, what is -2 - -285?
283
In base 9, what is -7 + 33?
25
In base 10, what is 15 + -13?
2
In base 9, what is -12 + -1?
-13
In base 7, what is 21 + -10?
11
In base 14, what is 100 + 2?
102
In base 14, what is -4a - -d?
-3b
In base 6, what is 24 + -101?
-33
In base 8, what is 111 + 106?
217
In base 6, what is 12 + 31?
43
In base 2, what is 110010001001 + 10?
110010001011
In base 12, what is 551 + 4?
555
In base 9, what is 1240 + 3?
1243
In base 7, what is -42 - 2?
-44
In base 8, what is -5 + 5643?
5636
In base 13, what is 4c - -2?
51
In base 12, what is -40 + -24?
-64
In base 13, what is -4 - 1cc9?
-2000
In base 8, what is -213 - -5?
-206
In base 6, what is -5 + 13?
4
In base 4, what is -12310 + -2?
-12312
In base 9, what is 112 + 6?
118
In base 6, what is -5 - 3542?
-3551
In base 14, what is -1d21 + -3?
-1d24
In base 11, what is 92 - -2?
94
In base 14, what is -4 - -21?
1b
In base 10, what is -7 + -211?
-218
In base 10, what is 28 + -2?
26
In base 7, what is -3 - -22?
16
In base 15, what is 25 - 3?
22
In base 15, what is -9 + 54?
4a
In base 8, what is -30 + -1?
-31
In base 12, what is -1 + -59?
-5a
In base 10, what is -5 + -130?
-135
In base 16, what is -5 - -8?
3
In base 2, what is -10000000 + -101?
-10000101
In base 12, what is -30 + 10?
-20
In base 7, what is -2325 - 3?
-2331
In base 10, what is 6 + -534?
-528
In base 8, what is 4 + -66?
-62
In base 14, what is 34b + 5?
352
In base 7, what is -3 + 235?
232
In base 3, what is -1022211 + -11?
-1022222
In base 7, what is 1 + -62?
-61
In base 5, what is -2414 - -41?
-2323
In base 14, what is -48 - 0?
-48
In base 3, what is 1021 - 10?
1011
In base 13, what is -149 + -1?
-14a
In base 9, what is -115 - 4?
-120
In base 3, what is 10 - 2102001?
-2101221
In base 2, what is -11 + -11010010001?
-11010010100
In base 5, what is 4 + -131?
-122
In base 13, what is -36 - 49?
-82
In base 9, what is -2146 + -4?
-2151
In base 9, what is -86 + 0?
-86
In base 6, what is -1551 - 11?
-2002
In base 13, what is 9 - -3a?
46
In base 3, what is -2 - 1020?
-1022
In base 14, what is -4 - -71?
6b
In base 10, what is 2545 - -5?
2550
In base 12, what is -661 + 8?
-655
In base 7, what is 53 + -1060?
-1004
In base 13, what is 8b7 + 5?
8bc
In base 10, what is -41931 + 5?
-41926
In base 13, what is 0 - -11a9?
11a9
In base 10, what is -318 - 17?
-335
In base 15, what is -9b6 - 0?
-9b6
In base 13, what is 0 + 25c?
25c
In base 10, what is 27 + -3?
24
In base 2, what is -1 - -10000000000?
1111111111
In base 13, what is -8 + 1?
-7
In base 5, what is -2444 - 0?
-2444
In base 6, what is 425 - -5?
434
In base 14, what is 5 - -13d?
144
In base 4, what is -1311 + -10?
-1321
In base 14, what is -1 - 91?
-92
In base 8, what is 142 + 26?
170
In base 7, what is 11 - 62?
-51
In base 14, what is 9c5 - -3?
9c8
In base 14, what is 539a - 1?
5399
In base 15, what is 